{"id":2,"date":"2024-09-12T18:42:04","date_gmt":"2024-09-12T18:42:04","guid":{"rendered":"https:\/\/gi-realbau.at\/?page_id=2"},"modified":"2024-09-12T19:38:29","modified_gmt":"2024-09-12T19:38:29","slug":"startseite","status":"publish","type":"page","link":"https:\/\/gi-realbau.at\/","title":{"rendered":"Startseite"},"content":{"rendered":"\n<p><\/p>\n\n\n\n<p class=\"has-text-align-center has-large-font-size\"><strong>Herzlich Willkommen auf unserer Homepage!<\/strong><\/p>\n\n\n\n<p>Wir freuen uns, Ihnen bald unser komplettes Leistungsspektrum im Bereich <strong>Umbau<\/strong>, <strong>Sanierung<\/strong>, <strong>Innen- und Au\u00dfenputz<\/strong> sowie <strong>Fassadenarbeiten<\/strong> pr\u00e4sentieren zu k\u00f6nnen. Aktuell arbeiten wir daran, unsere Webseite f\u00fcr Sie zu optimieren.<\/p>\n\n\n\n<p><strong>Unsere Seite befindet sich noch im Aufbau<\/strong> \u2013 doch schon bald finden Sie hier umfassende Informationen zu unseren Dienstleistungen. Bis dahin stehen wir Ihnen gerne pers\u00f6nlich zur Verf\u00fcgung und freuen uns auf Ihre Anfrage!<\/p>\n\n\n\n<p class=\"has-text-align-center has-medium-font-size\">Bleiben Sie gespannt \u2013 wir sind bald f\u00fcr Sie da!<\/p>\n\n\n\n<p><\/p>\n\n\n\n<p class=\"has-ast-global-color-3-color has-ast-global-color-4-background-color has-text-color has-background has-link-color has-medium-font-size wp-elements-6cf23256de2118cdffc99fb96295b397\"><strong>GI REALBAU <\/strong><br><strong>K\u00e4rntner Stra\u00dfe 169<br>8053 Graz<br>0664\/43 68 184<br>office@gi-realbau.at<\/strong><\/p>\n\n\n\n<p><\/p>\n","protected":false},"excerpt":{"rendered":"<p>Herzlich Willkommen auf unserer Homepage! Wir freuen uns, Ihnen bald unser komplettes Leistungsspektrum im Bereich Umbau, Sanierung, Innen- und Au\u00dfenputz [&hellip;]<\/p>\n","protected":false},"author":1,"featured_media":8,"parent":0,"menu_order":0,"comment_status":"closed","ping_status":"closed","template":"","meta":{"site-sidebar-layout":"default","site-content-layout":"","ast-site-content-layout":"","site-content-style":"default","site-sidebar-style":"default","ast-global-header-display":"","ast-banner-title-visibility":"","ast-main-header-display":"","ast-hfb-above-header-display":"","ast-hfb-below-header-display":"","ast-hfb-mobile-header-display":"","site-post-title":"disabled","ast-breadcrumbs-content":"","ast-featured-img":"","footer-sml-layout":"","theme-transparent-header-meta":"","adv-header-id-meta":"","stick-header-meta":"","header-above-stick-meta":"","header-main-stick-meta":"","header-below-stick-meta":"","astra-migrate-meta-layouts":"default","ast-page-background-enabled":"default","ast-page-background-meta":{"desktop":{"background-color":"var(--ast-global-color-4)","background-image":"","background-repeat":"repeat","background-position":"center center","background-size":"auto","background-attachment":"scroll","background-type":"","background-media":"","overlay-type":"","overlay-color":"","overlay-opacity":"","overlay-gradient":""},"tablet":{"background-color":"","background-image":"","background-repeat":"repeat","background-position":"center center","background-size":"auto","background-attachment":"scroll","background-type":"","background-media":"","overlay-type":"","overlay-color":"","overlay-opacity":"","overlay-gradient":""},"mobile":{"background-color":"","background-image":"","background-repeat":"repeat","background-position":"center center","background-size":"auto","background-attachment":"scroll","background-type":"","background-media":"","overlay-type":"","overlay-color":"","overlay-opacity":"","overlay-gradient":""}},"ast-content-background-meta":{"desktop":{"background-color":"var(--ast-global-color-5)","background-image":"","background-repeat":"repeat","background-position":"center center","background-size":"auto","background-attachment":"scroll","background-type":"","background-media":"","overlay-type":"","overlay-color":"","overlay-opacity":"","overlay-gradient":""},"tablet":{"background-color":"var(--ast-global-color-5)","background-image":"","background-repeat":"repeat","background-position":"center center","background-size":"auto","background-attachment":"scroll","background-type":"","background-media":"","overlay-type":"","overlay-color":"","overlay-opacity":"","overlay-gradient":""},"mobile":{"background-color":"var(--ast-global-color-5)","background-image":"","background-repeat":"repeat","background-position":"center center","background-size":"auto","background-attachment":"scroll","background-type":"","background-media":"","overlay-type":"","overlay-color":"","overlay-opacity":"","overlay-gradient":""}},"footnotes":""},"class_list":["post-2","page","type-page","status-publish","has-post-thumbnail","hentry"],"_links":{"self":[{"href":"https:\/\/gi-realbau.at\/index.php\/wp-json\/wp\/v2\/pages\/2","targetHints":{"allow":["GET"]}}],"collection":[{"href":"https:\/\/gi-realbau.at\/index.php\/wp-json\/wp\/v2\/pages"}],"about":[{"href":"https:\/\/gi-realbau.at\/index.php\/wp-json\/wp\/v2\/types\/page"}],"author":[{"embeddable":true,"href":"https:\/\/gi-realbau.at\/index.php\/wp-json\/wp\/v2\/users\/1"}],"replies":[{"embeddable":true,"href":"https:\/\/gi-realbau.at\/index.php\/wp-json\/wp\/v2\/comments?post=2"}],"version-history":[{"count":9,"href":"https:\/\/gi-realbau.at\/index.php\/wp-json\/wp\/v2\/pages\/2\/revisions"}],"predecessor-version":[{"id":27,"href":"https:\/\/gi-realbau.at\/index.php\/wp-json\/wp\/v2\/pages\/2\/revisions\/27"}],"wp:featuredmedia":[{"embeddable":true,"href":"https:\/\/gi-realbau.at\/index.php\/wp-json\/wp\/v2\/media\/8"}],"wp:attachment":[{"href":"https:\/\/gi-realbau.at\/index.php\/wp-json\/wp\/v2\/media?parent=2"}],"curies":[{"name":"wp","href":"https:\/\/api.w.org\/{rel}","templated":true}]}}